2. Is d(21) prime?
True
Suppose -111803 = 91*y + 98*y - 212*y. Is y a composite number?
False
Let x be (-15)/6*4/5*-1. Suppose 5*l + 11*a - 9*a = 3833, -a = x*l - 1533. Is l a prime number?
False
Suppose -39*z - 16 = -35*z, -2*y = z - 2. Is ((-6)/y)/((-2)/2719) a composite number?
False
Is ((-229960)/(-15) + 1)/(12/((-432)/(-12))) composite?
True
Let d(z) = -136*z - 108. Let v be d(5). Let y = v - -1419. Is y composite?
False
Let w be ((-38)/6 - -5)/(6/(-9)). Is 1*-745*(-3 + w) a composite number?
True
Let u(p) = 6*p**2 + 9*p - 11. Let s = 0 + 31. Suppose -7*r = -s + 87. Is u(r) prime?
False
Let u = 13969 + 23004. Is u prime?
True
Let i(a) = a**3 - 95*a**2 - 272*a + 137. Is i(98) composite?
False
Suppose -6399 = -7*g - 35799. Let a be g/(-5)*-3*1. Is (a - 2)/(-6 - -4) a composite number?
True
Suppose -796*l + 180*l = -39777799 - 56264609. Is l a composite number?
True
Let f(r) = 146*r**2 + 231*r - 265. Is f(-32) composite?
True
Suppose r = -2*u + 698487, 0 = 5*u - 295*r + 300*r - 1746230. Is u a prime number?
True
Let p = -14410 + 47577. Is p prime?
False
Let w(h) = -12*h**3 - 2*h**2 + h + 4. Let x be w(-2). Let l = 161 - x. Let i = l - 38. Is i composite?
True
Let l(c) = c**3 + 5*c**2 - 2*c - 8. Let m be l(-5). Let j be (-4 + m)/(2/379)*-4. Suppose -n = -5*n + j. Is n composite?
False
Let g(a) = 5*a. Let l be g(3). Suppose -2*f - f = -l. Let d(z) = 32*z - 15. Is d(f) composite?
True
Let l = 11904 + -6885. Suppose -j - 6*r + l = -r, -2*j = r - 10074. Is j composite?
False
Suppose 4*d - 20 = 2*l, 0*l + l = 5*d - 25. Suppose -2*s - 5*b = -16559, 0*s = d*s - b - 41438. Is s a prime number?
True
Let o(j) = -7*j**3 + 18*j**2 + 48*j + 15. Is o(-7) a composite number?
True
Suppose 9*r - 16748 = 95477 + 100958. Is r composite?
False
Let x(g) = 4395*g**2 + 4*g + 30. Let t be x(6). Suppose -9*n + t = -120573. Is n composite?
False
Suppose 16028432 = 75*q + 6481417 - 10259360. Is q a prime number?
False
Suppose 4*l + 6936 = 3*t + 115714, 135975 = 5*l - 5*t. Is l composite?
True
Let y be (-852)/45*3*-35. Let p = -471 + y. Is p a composite number?
True
Let o = -7367 + 17220. Suppose 2*s - 1357 - 3550 = 5*z, 4*s + 3*z = o. Is s prime?
False
Let q(p) = -343*p**2 + 3*p - 1. Suppose -8*x = -4*x - 4. Let a be q(x). Let h = 306 - a. Is h a composite number?
False
Suppose 0 = u - 2 - 0. Suppose 3*r = u*r + 2*x + 2, -2*r + 19 = x. Suppose 12*o - 472 = r*o. Is o composite?
True
Let f be 982/(138/24 - 6). Let t = f + 8295. Is t a prime number?
False
Let h(s) = -1215*s - 2. Let y be 3/(30/(-4)) + 208/(-80). Is h(y) a prime number?
True
Let y be (-1 - 0) + (-7327 - (6 + -1)). Let m = 13873 + y. Suppose 0 = 3*r + z - m, 2*r = -2*r + 2*z + 8710. Is r composite?
False
Let s = -66 - -68. Suppose 5*i + 3*t = 278 + 540, s*i + 4*t - 330 = 0. Is -5 + 2 + (i - -1) a prime number?
False
Let y = -48 + 44. Let l be -194 - (y + 4 - 1). Let z = 33 - l. Is z a prime number?
False
Suppose 50 = -2*x + 12*x. Suppose -x*y - 898 = -6*q + 3*q, 2*q - 4*y = 598. Suppose -c + q = -594. Is c a prime number?
False
Let g(x) = 366*x**2 + x + 3. Let z be 8 - (7 + -3 + -1). Suppose 4*u - z*u = 2. Is g(u) prime?
False
Is (-115548)/(-28) + (-4)/84*-6 prime?
True
Let n = -306471 - -533080. Is n composite?
False
Suppose -5*s + 239341 = g, -4*s + 57*g - 52*g + 191496 = 0. Is s prime?
True
Let q be (108/(-42))/((-7)/87367). Suppose 25*n - 7*n = q. Is n composite?
False
Suppose 86861 = 6*h + 25247. Suppose -3*i + c = -35580 + 4838, i - h = -4*c. Is i a prime number?
False
Let l(r) = 14*r**3 + 2*r**2 - 26*r + 18. Let n(u) = 5*u**3 + u**2 - 9*u + 6. Let t(f) = -4*l(f) + 11*n(f). Let k be t(4). Is 416 - (k/(-1))/2 a prime number?
False
Is (-1164911770)/2420*(24/(-10) - 2/(-5)) a composite number?
False
Suppose y + 4*i - 14 = i, -4*i = 4*y - 32. Suppose -190 = -z + 2*s, y*z + 0*s = -s + 917. Let p = z - 95. Is p prime?
True
Suppose 522 + 2003 = -c - i, 2*c + 5047 = -3*i. Let l = c + 5691. Is l a composite number?
False
Is (106 - 104)*(-132773)/(-2) a prime number?
False
Suppose -2*j + 4 = 14. Let r be -98 - (-2 + 5/j). Let o = -46 - r. Is o prime?
False
Let p(g) = 5 + 288*g + 6*g**2 - 295*g + 10*g**3 + 45*g**3. Let u be p(5). Suppose 4*d - 9*d + u = 0. Is d a composite number?
False
Is (6 + 1790/8)*-4*-1 prime?
True
Suppose 167 = 5*j - 3*z + 27, 5*j - 140 = 4*z. Suppose 4*m - 2*m - 4*v - j = 0, -5*m + 4*v + 52 = 0. Suppose t + 2051 = m*t. Is t prime?
True
Let u(m) = 61*m**2 - 60*m + 426. Is u(49) a prime number?
True
Let i(l) = -l**3 - 14*l**2 + 4*l + 601283. Is i(0) prime?
True
Suppose -18*g + 1601789 = 32*g - 2651661. Is g a prime number?
False
Suppose 2*y + 5*n - 531 = 0, 15 = -19*n + 14*n. Suppose 0 = q, -4*q = 3*w - 900 + y. Is w prime?
False
Suppose -29*z = 3057 + 104591. Let g = 8345 + z. Is g composite?
True
Suppose 0 = 151*g + 4140447 - 36448105. Is g composite?
True
Is 28/798*3 + ((-8558031)/(-57) - 2) composite?
True
Suppose 13*f + 49*f + 5*f - 1213973 = 0. Is f a prime number?
True
Let g(x) = -7108*x + 939. Is g(-74) prime?
True
Let i be 6/(-8) + (99225/28 - 17). Let s = 5959 - i. Is s composite?
True
Suppose -16*q = 29*q + 12*q - 6857499. Is q a composite number?
True
Let i be (70/(-21))/(4/(-6)). Suppose i*o = -2*h - 219, 0 = -3*o + 5*o - 4*h + 102. Is 2/(-15) + (-26601)/o composite?
True
Suppose -41 = -7*l - 13. Suppose -3*h + 16007 = 5*x - 2*h, l*x - 12794 = 5*h. Suppose x = 4*w + 973. Is w a composite number?
False
Let t(m) = 450*m**2 - 210*m - 13. Is t(-5) composite?
True
Let i(o) = 22801*o**2 - 38*o - 60. Is i(-5) a prime number?
False
Let h(p) = -p**3 - 12*p**2 - 26*p - 29. Suppose -3*v = -5*d + 9*d + 64, 0 = -2*v. Is h(d) prime?
False
Let y = 45608 - -2373. Is y a composite number?
False
Suppose -7*q + 2*s - 6 = -3*q, -5*q - 6 = -4*s. Let p(o) = 699*o**2 + 9*o + 5. Let a(w) = -349*w**2 - 5*w - 3. Let t(y) = -5*a(y) - 2*p(y). Is t(q) composite?
True
Suppose 146*x - 13364171 = 33*x. Is x a prime number?
False
Suppose 0 = -4*o + 3*n + 6, 139*o - 137*o - 4*n - 8 = 0. Let u(l) = -l**3 + 3*l**2 - 3*l + 12979. Is u(o) composite?
False
Let c = 48 + -36. Let l(m) be the first derivative of 2*m**3 + 3*m**2/2 - 13*m + 6. Is l(c) a prime number?
True
Let v(i) = i**2 - 5*i + 6. Let a(l) = l**2 + 8*l - 5. Let o be a(-9). Let c be v(o). Suppose -4906 = -5*h - c*m, -7*m + 3*m = 8. Is h a composite number?
True
Let o be ((-9)/(-6))/(9/30). Suppose -2*g - g = -4*h + 15, -g = o. Suppose h = 5*p - 20127 - 4298. Is p a composite number?
True
Suppose 2*p + x - 116130 = 0, -34*x + 31*x - 58079 = -p. Is p a composite number?
False
Suppose -20*v + 19*v = z - 56610, z + 4*v - 56619 = 0. Is z composite?
True
Suppose 1694*y - 179898 = 1688*y. Is y composite?
False
Let b(r) = 241*r + 17. Let y be b(6). Let n = y + -432. Let g = -180 + n. Is g composite?
True
Suppose -5*r + 9 = -6*v + 9*v, -5*r = 5*v - 15. Suppose r = -29*b + 26*b + 63165. Is b a prime number?
False
Is (-16 - -23 - 10) + 60756/3 a prime number?
True
Suppose 5*q = l - 834, -2*q + 673 = -2*l + 2301. Suppose -11*m + l = -9*m + 3*o, -4*o - 12 = 0. Is m composite?
False
Let l be 0 + (-8)/(-40)*10. Suppose -3*r - 5*c + 11817 = r, -l*c = -5*r + 14763. Is r a composite number?
False
Suppose 0 = -27*m + 26*m - 4*k + 397977, 5*m + 2*k - 1989741 = 0. Is m a prime number?
False
Let g be (4/16 + (-122)/8)*1. Let r = g + 19. Suppose -4*i + 796 = 4*t + 168, 2*t = r. Is i composite?
True
Suppose o + 3*n = -16, 4*o + 54 = -3*n + n. Let x(d) be the second derivative of d**5/20 + 3*d**4/2 - d**3/2 + 5*d**2/2 - 2*d + 40. Is x(o) a prime number?
False
Let z be 1/((-66)/21 + (-6 - -9)). Let w(c) = -c**3 - 5*c**2 + 8*c - 13. Let x be w(z). Suppose 33*f = x*f + 2076. Is f a composite number?
True
Let z(b) = -9*b - 22. Let p be z(-3). Suppose -a = -p, -3*a = -2*j - 2*a + 7. Is -2 + -3 - (-1110 - j) composite?
True
Let d = 1708 - -2137. Is d - (-28)/(-21)*3/(-2) prime?
True
Suppose 16*q = -166*q - 2671653 + 17730515. Is q a prime number?
False
Suppose 5*p - 30 = -0*p + 5*z, -3*z - 6 = p. Suppose -p*t + 3 = -24. Let c(j) = 27*j - 20. Is c(t) a prime number?
True
Let l = 32499 - 14956. Is l prime?
False
Let x(n) = 58*n**2 + 29*n - 145. Let t = -8 + 16. Is x(t) a composite number?
True
Suppose -3*g + 1 = -2*g - 5*h, -5*h = 3*g + 37. Let o = 194 - g. Is o a prime number?
Fal